10511 (base 7) to base 3
21122202220211
What is -82387 (base 9) in base 13?
-1b916
Convert bddd8 (base 16) to base 13.
212c92
230031230 (base 6) to base 5
2034000414
What is 21362300 (base 7) in base 4?
12332313323
Convert -1620423 (base 7) to base 9.
-370530
What is 32184 (base 13) in base 12?
44356
-1020050 (base 8) to base 14
-70768
Convert -5944 (base 10) to base 4.
-1130320
What is 356306 (base 8) in base 3?
20012102112
Convert 186a6 (base 13) to base 5.
3003122
Convert -2227322 (base 9) to base 12.
-49a178
Convert 19b086a (base 13) to base 10.
8484057
Convert -22121021 (base 3) to base 16.
-187f
What is 22021211131 (base 4) in base 16?
28995d
Convert -31131112 (base 7) to base 5.
-1132101224
-212020201022010 (base 3) to base 15
-1140c76
What is -22541323 (base 6) in base 13?
-1b5697
Convert c70bae (base 15) to base 7.
143326625
Convert 60690d (base 14) to base 8.
14302201
What is 100000111100011110 (base 2) in base 3?
20212002212
Convert 15587705 (base 9) to base 16.
76ebae
What is 85467d (base 14) in base 8?
21142467
Convert -11011111001111000001 (base 2) to base 14.
-19b321
Convert 1a7c84 (base 15) to base 13.
363154
-216071 (base 16) to base 11
-1264455
3e4e5 (base 16) to base 9
428061
What is -3321344 (base 5) in base 3?
-2221011221
-4877a (base 11) to base 14
-1b7c6
What is 11020433 (base 5) in base 15?
1d2b3
Convert -12032330 (base 4) to base 15.
-7872
Convert 1422885 (base 9) to base 10.
782942
Convert -321211320 (base 4) to base 6.
-5020040
What is 40a535 (base 13) in base 3?
2211121122000
Convert 129c10 (base 14) to base 10.
641718
24815 (base 14) to base 9
145557
What is 12051010 (base 7) in base 11?
671895
Convert 100011001 (base 3) to base 4.
1220032
What is 47646 (base 11) in base 15?
15522
What is -100000010001111101101 (base 2) in base 6?
-34401033
-8c (base 13) to base 10
-116
-502395 (base 10) to base 16
-7aa7b
1424835 (base 9) to base 4
2333133203
What is -1032303 (base 7) in base 10?
-125688
What is 43422034 (base 5) in base 15?
7597e
What is 26126da (base 14) in base 16?
117b698
104f13 (base 16) to base 15
161a49
What is 19a571 (base 11) in base 14?
7db53
What is 10036 (base 12) in base 3?
1001111120
Convert -e42e8 (base 16) to base 7.
-10641606
Convert 113451024 (base 6) to base 10.
2137336
What is -473a5 (base 16) in base 4?
-1013032211
Convert b6095 (base 12) to base 9.
403235
What is 47494 (base 12) in base 9?
155274
-24393 (base 10) to base 13
-b145
Convert -426568 (base 10) to base 9.
-720124
What is -66161 (base 15) in base 2?
-1001111001011011100
100101001110111001 (base 2) to base 7
1203423
Convert -4161264 (base 7) to base 16.
-7aa18
What is 9a3aa (base 13) in base 4?
1010101302
-223031 (base 8) to base 4
-102120121
What is -13223030322 (base 4) in base 11?
-1154687
What is 4030412043 (base 5) in base 8?
36576561
What is 110120202100 (base 3) in base 4?
330132000
-202200120002110 (base 3) to base 7
-162306546
-215653101 (base 7) to base 16
-c73554
-10001111001100101101 (base 2) to base 11
-37074a
What is 11660 (base 12) in base 15?
6e00
Convert 1313303322 (base 4) to base 5.
111200441
-2726835 (base 9) to base 16
-16cd81
What is 16802620 (base 9) in base 2?
100000001110000000010001
What is -2aa2bb9 (base 12) in base 10?
-8672829
9271 (base 14) to base 7
133301
Convert 1124242 (base 8) to base 11.
199429
Convert -82339 (base 10) to base 3.
-11011221121
What is -115411 (base 8) in base 16?
-9b09
What is -8934 (base 13) in base 7?
-106542
835302 (base 9) to base 3
221012100002
76106 (base 9) to base 11
34948
What is a8bee (base 15) in base 3?
1000020011222
Convert 48338 (base 12) to base 13.
35354
What is -27932 (base 16) in base 5?
-20141343
2111303231 (base 4) to base 8
2256355
4106a (base 13) to base 15
247d9
What is -9a1a5 (base 16) in base 5?
-130144310
234241103 (base 6) to base 9
8255713
Convert -111122002000 (base 4) to base 5.
-2414033043
What is 21021232133 (base 4) in base 16?
249b9f
-1916709 (base 13) to base 14
-113a6b3
Convert 3001200212 (base 4) to base 13.
219a04
Convert -40363 (base 16) to base 13.
-92938
-121201011011122 (base 3) to base 7
-135323300
What is -220024221 (base 5) in base 2?
-11100101010100101111
1000010011101001001101010 (base 2) to base 3
1012210001222202
What is -2b18b (base 16) in base 5?
-21122043
Convert 434273 (base 8) to base 10.
145595
68748 (base 10) to base 16
10c8c
-11110010111010000 (base 2) to base 15
-26cb3
1f5bda (base 16) to base 11
1184060
What is 130131132 (base 5) in base 2?
10011001110110010111
What is -418228 (base 10) in base 14?
-ac5b6
129915 (base 11) to base 5
23002132
-120222012010200 (base 3) to base 12
-2a13639
What is 6f28f (base 16) in base 3?
212010120101
Convert 33916 (base 10) to base 12.
17764
What is 99ff (base 16) in base 5?
2230143
14848757 (base 9) to base 10
7413820
What is -b2981 (base 12) in base 16?
-38df1
-1246993 (base 13) to base 10
-5698462
-12141042 (base 5) to base 14
-2dd6b
Convert -133736 (base 10) to base 7.
-1064621
What is -21010320001 (base 4) in base 15?
-31ee7a
What is -2769232 (base 10) in base 14?
-5212a4
121222222212102 (base 3) to base 13
1b441cb
-354324 (base 6) to base 9
-46217
Convert -3414304421 (base 5) to base 13.
-175197c
194128 (base 12) to base 3
211111001112
-3613a5 (base 13) to base 2
-100111010011110010100
What is 132113521 (base 6) in base 8?
12002271
-25345367 (base 8) to base 9
-11518573
-121320103000 (base 4) to base 5
-3214043232
Convert -110312120 (base 4) to base 9.
-140128
-3acc69 (base 13) to base 3
-2200112210201
71451 (base 14) to base 8
1024177
Convert 122330313120 (base 4) to base 11.
3a96091
What is -d8402 (base 16) in base 15?
-1276ac
What is -12255047 (base 8) in base 9?
-5080442
Convert b08e83 (base 15) to base 3.
120202220212020
-1202211020121 (base 3) to base 16
-e5d05
What is -2506332 (base 10) in base 6?
-125415220
What is -4b6b10 (base 12) in base 15?
-196093
What is -3217e (base 15) in base 8?
-466371
169c73 (base 14) to base 6
25014421
-12885 (base 13) to base 10
-34416
-27d83c (base 14) to base 13
-394c86
What is 210815 (base 9) in base 16?
1e989
What is 106610165 (base 8) in base 2?
1000110110001000001110101
What is 300111202 (base 4) in base 11?
125828
-124674 (base 10) to base 16
-1e702
Convert 2017173 (base 8) to base 4.
2001321323
What is 231314243 (base 5) in base 16?
fe59f
What is -26101 (base 8) in base 6?
-124241
-11010011110010001010 (base 2) to base 6
-30332014
What is -2443c (base 16) in base 8?
-442074
What is 332a7c (base 16) in base 12?
1158624
-100100101100010010000 (base 2) to base 11
-751359
Convert -3854675 (base 9) to base 7.
-23606111
Convert -2badee (base 15) to base 16.
-203c0c
-214130201 (base 6) to base 7
-44422063
-11774 (base 14) to base 6
-525214
-514340 (base 6) to base 7
-231015
114564 (base 11) to base 2
101100010110111011
88ac38 (base 13) to base 15
439dd7
What is 2230261 (base 7) in base 9?
460851
101790c (base 14) to base 10
7588936
Convert -8120c (base 13) to base 12.
-b184b
Convert 13273664 (base 8) to base 9.
5541418
21122232230 (base 4) to base 7
26661416
-2032333021 (base 4) to base 13
-17676a
37718 (base 11) to base 13
1b820
121230021322 (base 4) to base 10
6734458
-3b14613 (base 12) to base 14
-17b2663
Convert 1a237b (base 13) to base 5.
132140111
What is 1101211022121 (base 3) in base 11?
469426
Convert -1015442 (base 6) to base 12.
-24582
-624b6 (base 16) to base 2
-1100010010010110110
-2582312 (base 9) to base 15
-1cd702
Convert -33112133 (base 4) to base 2.
-1111010110011111
What is 11210201112100 (base 3) in base 15?
356830
Convert -11101110000001110001 (base 2) to base 15.
-143d26
What is 1101001110011001010000 (base 2) in base 13?
944ca5
Convert 147561 (base 8) to base 16.
cf71
-10022010211 (base 3) to base 13
-2376a
What is -1162721 (base 10) in base 11?
-72462a
Convert -211725 (base 10) to base 14.
-57233
What is -1143241 (base 5) in base 16?
-54c0
What is 12607257 (base 8) in base 14?
5364d9
What is 1818a (base 13) in base 5?
2441140
What is -447221 (base 8) in base 11?
-a3651
-321a14 (base 12) to base 13
-21914b
-22364 (base 13) to base 10
-62105
37234 (base 10) to base 16
9172
2100011011101 (base 3) to base 6
42350531
What is 10102002032 (base 4) in base 13?
303b90
390b9a (base 12) to base 6
32011514
What is -69214 (base 14) i